{"id":261,"date":"2018-03-16T13:01:10","date_gmt":"2018-03-16T13:01:10","guid":{"rendered":"http:\/\/ghpress.com\/shop\/?post_type=product&#038;p=261"},"modified":"2025-03-20T14:38:41","modified_gmt":"2025-03-20T14:38:41","slug":"discover-derry","status":"publish","type":"product","link":"https:\/\/ghpress.com\/shop\/product\/discover-derry\/","title":{"rendered":"Discover Derry"},"content":{"rendered":"<p><strong>Brian Lacey<\/strong> <strong>&amp;<\/strong> <strong>Michael McGuinness<\/strong><\/p>\n<p>Derry is a city that inspires many images, often conflicting. Its beauty and unique character have long been celebrated, but its complex, bloody history has also been well documented through the centuries. This book tells the fascinating story of Derry, in words and pictures, from the 6th century to the present day.<\/p>\n<p>Part one explores the history of Derry through key events, including the founding of the early Christian monastery, the first English invasion, the Siege of Derry, the events leading to the rechristening of the city Londonderry, emigration, the war years and the violent conflicts and Troubles of the 20th century.<\/p>\n<p>Part two visits Derry\u2019s most interesting buildings, landmarks, attractions and vistas, old and new, including the City Walls, Free Derry Wall, Guildhall, Apprentice Boys\u2019 Memorial Hall, St Columb\u2019s Cathedral, Museum of Free Derry, Tower Museum, Ebrington, Nerve Centre, the Playhouse and Cult\u00farlann U\u00ed Chan\u00e1in.<\/p>\n<p>&nbsp;<\/p>\n","protected":false},"excerpt":{"rendered":"<p>Brian Lacey &amp; Michael McGuinness Derry is a city that inspires many images, often conflicting. Its beauty and unique character have long been celebrated, but its complex, bloody history has also been well documented through the centuries. This book tells the fascinating story of Derry, in words and pictures, from the 6th century to the<\/p>\n<div class=\"more-link\">\n\t\t\t\t <a href=\"https:\/\/ghpress.com\/shop\/product\/discover-derry\/\" class=\"link-btn\"><span>Continue Reading <\/span> <i class=\"icofont-thin-double-right\"><\/i><\/a>\n\t\t\t<\/div>\n","protected":false},"featured_media":3620,"template":"","meta":{"om_disable_all_campaigns":false,"_monsterinsights_skip_tracking":false,"_monsterinsights_sitenote_active":false,"_monsterinsights_sitenote_note":"","_monsterinsights_sitenote_category":0,"_uf_show_specific_survey":0,"_uf_disable_surveys":false},"product_brand":[],"product_cat":[77,83,79],"product_tag":[146,240,261,262],"class_list":{"0":"post-261","1":"product","2":"type-product","3":"status-publish","4":"has-post-thumbnail","6":"product_cat-history","7":"product_cat-local-interest","8":"product_cat-politics","9":"product_tag-derry","10":"product_tag-history","11":"product_tag-imagery","12":"product_tag-tourism","13":"product_shipping_class-medium-books","15":"first","16":"instock","17":"featured","18":"purchasable","19":"product-type-simple"},"acf":[],"_links":{"self":[{"href":"https:\/\/ghpress.com\/shop\/wp-json\/wp\/v2\/product\/261","targetHints":{"allow":["GET"]}}],"collection":[{"href":"https:\/\/ghpress.com\/shop\/wp-json\/wp\/v2\/product"}],"about":[{"href":"https:\/\/ghpress.com\/shop\/wp-json\/wp\/v2\/types\/product"}],"wp:featuredmedia":[{"embeddable":true,"href":"https:\/\/ghpress.com\/shop\/wp-json\/wp\/v2\/media\/3620"}],"wp:attachment":[{"href":"https:\/\/ghpress.com\/shop\/wp-json\/wp\/v2\/media?parent=261"}],"wp:term":[{"taxonomy":"product_brand","embeddable":true,"href":"https:\/\/ghpress.com\/shop\/wp-json\/wp\/v2\/product_brand?post=261"},{"taxonomy":"product_cat","embeddable":true,"href":"https:\/\/ghpress.com\/shop\/wp-json\/wp\/v2\/product_cat?post=261"},{"taxonomy":"product_tag","embeddable":true,"href":"https:\/\/ghpress.com\/shop\/wp-json\/wp\/v2\/product_tag?post=261"}],"curies":[{"name":"wp","href":"https:\/\/api.w.org\/{rel}","templated":true}]}}